r when o is divided by 2?
1
Suppose -4*z = -31 - 157. Let s(h) = h**2 + 9*h + 33. Let x be s(-5). Suppose -x*w = -330 + 109. Calculate the remainder when z is divided by w.
13
Let d be 2/(-2)*7*-14. Let o(y) = -y**3 + 15*y**2 + 18*y - 10. Calculate the remainder when o(16) is divided by 4/14 + 1148/d.
10
Let r(x) = 7*x**2 - 25*x + 50. What is the remainder when 611 is divided by r(2)?
23
Suppose 1584 = -6*x - 942. Let j = -259 - x. What is the remainder when j is divided by 33?
30
Let z(y) = y**3 + 13*y**2 - 2*y - 24. Let b be z(-13). Suppose 0 = -3*r + g - b, 3*r + 0*r = 4*g + 10. What is the remainder when 59 is divided by (r - 4/8)*-6?
14
Suppose -x - 4*x + 805 = 0. Suppose -8*f = -x - 143. Let g = f - 28. Calculate the remainder when 47 is divided by g.
7
Let m be 8/24 - 714/9. What is the remainder when (-3)/5*(m - -44) is divided by 8?
5
Let b = 43 + 200. Let x = -180 + b. What is the remainder when 250 is divided by x?
61
Let u(l) = 2*l**3 - 8*l**2 + 4*l - 45. Let n be u(4). Let x be (-3 + 2)/(1/11). Let f = x - n. What is the remainder when 124 is divided by f?
16
Let y be (-54)/12 + 10/4 + -2. Let p be (-2211)/(-12) - (-1)/y. Suppose 9*m - m = p. Calculate the remainder when m is divided by 7.
2
What is the remainder when 3236 is divided by (-120)/(-2) + (-5 - 34/(-34))?
44
Let a = 10817 - 10764. What is the remainder when 2222 is divided by a?
49
Let o = -36 - -52. Suppose g - o = -6. Let a = g + 1. What is the remainder when 43 is divided by a?
10
Calculate the remainder when 5309 is divided by (-16330)/(-184) - (-1)/(12/15).
89
Suppose 3*d - 219 = -3*x, d - x + 274 = 5*d. Suppose -a = 0, -p + 3*a + 0*a + 2 = 0. Suppose -16 + p = -t. Calculate the remainder when d is divided by t.
11
Suppose -3*t = 5*l - 2334, 3*l + 6*t - 1412 = 10*t. Suppose -l = 58*g - 60*g. Calculate the remainder when g is divided by 27.
18
What is the remainder when 4349 is divided by 2/(-7)*9/(72/(-56))*723?
11
Let q = -501 - -594. Calculate the remainder when 194 is divided by q.
8
Suppose -3*u = 2*c - 3*c - 6, -5*u - c + 2 = 0. What is the remainder when 165/(((-10)/(-15) - u)*-3) is divided by 84?
81
Suppose -2*x + 36 = n, -3*n + 28 = 2*x - 0*n. Let d be 776/(-10)*1 + x/(-50). Calculate the remainder when 59 is divided by d/(-18) - 1/3.
3
Suppose 3*v - 14 = -2*i - 0*i, -5*v + 32 = -i. Let q = 667 - 640. What is the remainder when q is divided by v?
3
Let f(r) = r**3 - 20*r**2 + 2*r - 46. Let z be f(20). Calculate the remainder when (-2*59)/(4/(-2)) is divided by (-2)/z + (-1 - 248/(-12)).
19
Let r be ((-672)/20)/(1/(-5)). Suppose -5*u + r = 8. Let x(q) = -6*q + 139. What is the remainder when x(13) is divided by u?
29
Suppose -424 = -41*q + 33*q. Calculate the remainder when 13618 is divided by q.
50
Let r(b) = b**3 + 20*b**2 - 73*b + 29. Calculate the remainder when r(11) is divided by 10.
7
Let h = -5656 - -5674. Calculate the remainder when 1913 is divided by h.
5
Let f be 19*(2 - (-1 + 2)). Suppose 19 = 2*m + 3*h - f, -4*h = 4*m - 80. Suppose -438534*n = -438533*n - 13. What is the remainder when m is divided by n?
9
Suppose -12*u = -15*u - 15*u + 5922. Calculate the remainder when u is divided by 9.
5
Suppose 7*b - 3*b - 3*s = 58, -3*s = 6. Suppose 4*c - 5*p = 86, 3*c + 3*p - b - 65 = 0. What is the remainder when 38 is divided by c?
14
Suppose -d + 125 = 4*d. Let i = 28 - d. What is the remainder when ((-145)/15)/(1/(-3)) is divided by i?
2
Suppose 3*q + 32 = -73. Let d = -31 - q. Calculate the remainder when 40 is divided by 20 + ((-22)/(-12) - d/(-24)).
18
Let c be 4 - (-3)/(-1 - -4). Suppose c*u - 633 = 52. Suppose -2*z = 5*b - 28, 13*z - b = 17*z - 56. What is the remainder when u is divided by z?
11
Suppose -72*y + 43*y - 2532 + 11754 = 0. What is the remainder when y is divided by 64?
62
Calculate the remainder when 1489 is divided by (-10)/(-2)*(26 + 912/(-40)).
1
Suppose 3*b = 5*j + 1648, 71*j - 2764 = -5*b + 75*j. Calculate the remainder when b is divided by 93.
91
Suppose -2*h = 2*h - 116. Let t(w) = -w**3 - 8*w**2 - 12*w - 42. What is the remainder when t(-8) is divided by h?
25
Let p(f) = -181*f + 12599. What is the remainder when p(68) is divided by 191?
100
Calculate the remainder when 91 is divided by 28/49 + (-44)/(-14)*(-2 + 12).
27
Let k = 30 + 10. Calculate the remainder when (2352/54)/(56/252) is divided by k.
36
Let g = -2562 + 2647. Let q be (-2)/(1/((-81)/(-6))). Let l = g - q. Calculate the remainder when l is divided by 23.
20
Let d = -483 - -618. What is the remainder when (-7695)/d*(-28)/6 is divided by 83?
17
Suppose 112062 = 125*s - 32813. What is the remainder when s is divided by 97?
92
Let r(f) = -3*f**3 - 6*f**2 + 14*f + 43. Calculate the remainder when r(-9) is divided by 90.
88
Let f(p) = -11*p**3 + 123*p**2 - 19*p + 30. What is the remainder when 20347 is divided by f(11)?
61
Let v(c) = 620*c**3 - 4*c**2 - c + 2. What is the remainder when 620 is divided by v(1)?
3
Let s = -3322 + 3592. Calculate the remainder when s is divided by 264.
6
Suppose 0 = -3*n + 83 + 46. Suppose 17*t - 19*t - 12551 = -79*t. Calculate the remainder when t is divided by n.
34
Let k be (-7491)/(-12) + (-2)/8. Suppose 0 = -55*i + 61*i - k. What is the remainder when i is divided by 28?
20
Let j = 154 - 261. Let v = -54 - j. Suppose 0 = 7*z - 2*z - 70. What is the remainder when v is divided by z?
11
Let k(j) = -5*j**2 - 144*j + 73. What is the remainder when k(-22) is divided by 265?
26
What is the remainder when (1 + -10)*(6 + (-3616)/72) is divided by 209?
189
Let z(b) = 6*b**2 + 11*b + 41. What is the remainder when 878 is divided by z(-2)?
18
Let j(l) = -57 - 32*l + 69*l**2 - 22 + 19 - 53*l**3 + 51*l**3. What is the remainder when 23 is divided by j(34)?
7
Let q = -467 + 667. Calculate the remainder when q is divided by 76/76*-58*((-15)/(-6))/(-5).
26
Let w(x) = -2*x**2 - 150*x + 223. What is the remainder when w(-59) is divided by 192?
191
Suppose 0*w - s + 244 = 5*w, -4*w = -s - 188. Let z = 149 + w. Calculate the remainder when z is divided by 20.
17
Suppose -2*x = -2*s + 286, -2*s - 729 = 2*x + 3*x. Suppose -3*f + 4*z + 322 = 0, f - 5*z - 53 = 69. Calculate the remainder when f is divided by 2/7 + x/(-7).
18
Suppose -3*l + 3 = 0, -4*t + 483 = 8*l - 13*l. Suppose -5*g + 4*x + 35 = 0, -4*g + 35 = g - 3*x. What is the remainder when t is divided by g?
3
Let h(d) = -d**3 + 8*d**2 + 11*d - 9. What is the remainder when 2453 is divided by h(7)?
113
Suppose 12 = 3*u - 0*g + 4*g, 0 = 5*u + 4*g - 20. Suppose -u*b = -4*y - 8, b = -3*b - 4*y + 32. What is the remainder when 32/(-6)*(-6)/4 is divided by b?
3
Suppose -5*y + 0*y = 5. Let t be 2/((-8)/(-6))*296/12. What is the remainder when 159 is divided by y*(2 - 0 - t) + -3?
31
Let i(h) = h**2 - 8*h - 15. Let l be i(10). What is the remainder when 114/7*l/10*14 is divided by 15?
9
Suppose -3*t = -0*j + 3*j - 159, 3*t - 9 = 0. Suppose 12404 = 168*x - 4228. Calculate the remainder when x is divided by j.
49
Suppose -5*m - 807 + 277 = 0. Let h = 156 + m. Let z(y) = -6*y - 36. Calculate the remainder when h is divided by z(-9).
14
Let a(w) = w**3 + 41*w**2 + 41*w + 49. Let k(r) = -2*r**2 - 18*r - 68. Let f be k(-7). Calculate the remainder when 194 is divided by a(f).
5
Let j be 2*1 - (-48 + 14). Let b = j + -22. Calculate the remainder when 396/b - 6/21 is divided by 8.
4
Suppose -5*j + 5778 = 1383. What is the remainder when j is divided by 21?
18
Let f(y) be the second derivative of 1/20*y**5 + 5*y**2 - 4/3*y**3 + y + 7/12*y**4 + 0. What is the remainder when f(-8) is divided by 6?
4
Let j(b) = b**2 + 9*b - 10. Let d be j(-10). Let o = 128 + d. Calculate the remainder when o is divided by 38.
14
Let f(y) = -y**2 + 5*y - 2. Let q be f(3). Let d(m) = 2*m**2 + 2*m - 2. What is the remainder when 1480/(96/12) + 2 is divided by d(q)?
35
What is the remainder when 239 is divided by -7 - (4 - 3)*-55?
47
Suppose 5*f + 5*k - 4*k = -26, 4*f - 4*k + 40 = 0. What is the remainder when 9*(-14)/f + 2*-1 is divided by 10?
9
Let m be (-794)/8 - (-2)/8. Let l = 157 + m. Calculate the remainder when l is divided by 24.
10
Suppose 0 = 43*y - 190899 - 31884. What is the remainder when y is divided by 27?
24
Suppose m + 7492 = 6*m - 2*q, -5*q - 10480 = -7*m. Calculate the remainder when m is divided by 29.
21
Le